 -10 - -30222213033211?
30222213033201
In base 2, what is -1000010000010011 + 1010101?
-1000001110111110
In base 13, what is 2261327 - 6?
2261321
In base 3, what is 2011 + 11021001010?
11021010021
In base 3, what is -101210022 + -11101002?
-120011101
In base 12, what is -11 + -b0709?
-b071a
In base 2, what is 1100 + -11000100000000110?
-11000011111111010
In base 5, what is -323032310410 - 4?
-323032310414
In base 5, what is 1 - 4144411031?
-4144411030
In base 4, what is -11103120 - -130?
-11102330
In base 14, what is -c - -5ddbcd0?
5ddbcc2
In base 7, what is 55 + 22624411?
22624466
In base 15, what is 2 - -1478ca?
1478cc
In base 12, what is -195 + 270707?
270532
In base 16, what is -5 - -239f57?
239f52
In base 6, what is -31331044 + -424?
-31331512
In base 7, what is 6115 - -116?
6234
In base 5, what is 33103 - -121440?
210043
In base 13, what is -2 + 361294c1?
361294bc
In base 14, what is 22bac2 - 15?
22baab
In base 11, what is -102384 + -90?
-102464
In base 15, what is 2e5b3a - 13?
2e5b27
In base 5, what is 4331 - 301323?
-241442
In base 4, what is 2 - 10111310010?
-10111310002
In base 13, what is 2bac + -1c21?
c8b
In base 6, what is 225 - 2244044?
-2243415
In base 8, what is 213 + -427500?
-427265
In base 5, what is -4 - -2122014434?
2122014430
In base 15, what is 5 - 30005b?
-300056
In base 9, what is -50038376 - -14?
-50038362
In base 13, what is -2 - -1baa5c3?
1baa5c1
In base 8, what is 660175246 - 3?
660175243
In base 13, what is -4c0 + 6a656?
6a166
In base 11, what is 271693 + 1?
271694
In base 10, what is 194807278 - -3?
194807281
In base 7, what is -3601 + 510655?
504054
In base 9, what is -2204 + 27001?
24686
In base 7, what is 25 - 253233000?
-253232642
In base 5, what is 1022402 - -2322233?
3400140
In base 7, what is -4 + -12103344?
-12103351
In base 5, what is 2131 - 13113341?
-13111210
In base 9, what is -53142876 + -10?
-53142886
In base 11, what is -14102 + -99?
-141a0
In base 13, what is -2bbc + 62?
-2b5a
In base 13, what is -42489 + 41?
-42448
In base 12, what is 1022071 - 4?
1022069
In base 11, what is 51622 - -212?
51834
In base 12, what is -50731a - -124?
-5071b6
In base 14, what is -6 - 6d0b14?
-6d0b1a
In base 5, what is 23310 - 23302443?
-23224133
In base 8, what is -2724713320 + -2?
-2724713322
In base 6, what is 0 + 20002545404?
20002545404
In base 14, what is 975129a - 0?
975129a
In base 12, what is -607 + -65062?
-65669
In base 6, what is 435313031 - 3?
435313024
In base 15, what is -3 - 2e9741?
-2e9744
In base 13, what is -1595b2c3 - -2?
-1595b2c1
In base 11, what is -1317754 + 2a?
-1317725
In base 11, what is 2 - 3960a07?
-3960a05
In base 6, what is 12 - 14452054?
-14452042
In base 2, what is 101000011001001000101 - 11?
101000011001001000010
In base 6, what is 1 + 15302011112?
15302011113
In base 11, what is 41635679 + -2?
41635677
In base 10, what is 32 - 21791487?
-21791455
In base 3, what is 1201012001 + 1011?
1201020012
In base 9, what is 14503 - 7572?
5821
In base 15, what is -55 + 4ad61?
4ad0b
In base 6, what is 12331453 + 4145?
12340042
In base 11, what is -117 - 17a9a?
-18106
In base 14, what is -cb - b0d1?
-b1bc
In base 3, what is 0 - 21101220022101012?
-21101220022101012
In base 2, what is 11101 - 1101100101111001000?
-1101100101110101011
In base 7, what is 134051 + 103344?
240425
In base 11, what is 5 - -6692273?
6692278
In base 4, what is -300 + 110231102?
110230202
In base 13, what is -8 - -2a2464?
2a2459
In base 12, what is -77086 - -9?
-77079
In base 8, what is -4346647 - 12?
-4346661
In base 9, what is 61 + -5878?
-5817
In base 3, what is 12 - -20200201200020?
20200201200102
In base 15, what is 5 - 9127e19?
-9127e14
In base 7, what is -5544025 - 15?
-5544043
In base 3, what is -11121122100210 + -11?
-11121122100221
In base 3, what is 1101112 - 102221000?
-101112111
In base 10, what is -66 - -29817?
29751
In base 2, what is -110011000111110111111 - -110?
-110011000111110111001
In base 5, what is 1031104223 - 10?
1031104213
In base 11, what is 3 + 36a176?
36a179
In base 2, what is 100110 - 100011001000100100?
-100011000111111110
In base 8, what is -173 - 533412?
-533605
In base 5, what is -4332 - -1211303?
1201421
In base 7, what is -55300461 - 1?
-55300462
In base 7, what is 403 - 104662?
-104256
In base 14, what is 9 - 1d2a00?
-1d29d5
In base 16, what is -900712 - 4?
-900716
In base 2, what is -1001111 + -10000111011010000?
-10000111100011111
In base 15, what is -2c73 + -3017?
-5c8a
In base 10, what is 4283 - -99941?
104224
In base 11, what is -1 - -3697410?
369740a
In base 5, what is 111001201 - 1011?
111000140
In base 16, what is 2e5f59 - -1?
2e5f5a
In base 16, what is 31 - 632?
-601
In base 4, what is -1 - 1013022130200?
-1013022130201
In base 9, what is 1086243 + 743?
1087086
In base 16, what is 22 - -24119?
2413b
In base 8, what is -6601015 + 32?
-6600763
In base 3, what is -101020 - 101222210200121?
-101222211001211
In base 8, what is 1 - -40342554?
40342555
In base 6, what is 3044 - 2313324?
-2310240
In base 10, what is -3454314 - -1?
-3454313
In base 6, what is -54 - -2242305203?
2242305105
In base 12, what is 53505b8 - -15?
5350611
In base 7, what is -42545 - 102?
-42650
In base 10, what is -4477 + 36920?
32443
In base 16, what is 65b - -5c7?
c22
In base 3, what is 1012112112 - -1210111011?
10000000200
In base 13, what is 14b + -9ca?
-87c
In base 7, what is 1315 - 120501?
-116153
In base 9, what is 1240085 + -1?
1240084
In base 2, what is -11001100 + 1100100110111?
1100001101011
In base 16, what is bf22b + 53?
bf27e
In base 4, what is 2011 + -20201213?
-20133202
In base 12, what is -53 - -22b276?
22b223
In base 14, what is bdd962 + -8?
bdd958
In base 6, what is -10155 + 4501002?
4450403
In base 13, what is 19c - 2966a0?
-296501
In base 5, what is -30021 + 223412?
143341
In base 11, what is -22a30 + 798?
-22243
In base 12, what is 6645287 - -10?
6645297
In base 8, what is 0 - -143365601?
143365601
In base 10, what is -514189055 - -1?
-514189054
In base 5, what is -200 + -243232433?
-243233133
In base 14, what is -2d + 78b09?
78aba
In base 6, what is -32301 + -200?
-32501
In base 16, what is 2550 - 34?
251c
In base 16, what is b70 - 87?
ae9
In base 7, what is 3 + -113226030?
-113226024
In base 3, what is -2021111021120020 - 20?
-2021111021120110
In base 4, what is -2301103030 - 11?
-2301103101
In base 13, what is 55a25 + 1126?
56b4b
In base 4, what is -3002213301 - 122202?
-3003002103
In base 8, what is 3077125 - 74?
3077031
In base 2, what is 10110011011001 + 11111000011?
11010010011100
In base 3, what is -110010000012112 + 220?
-110010000011122
In base 6, what is -1321 - 41050435?
-41052200
In base 6, what is -3340 + 112555?
105215
In base 14, what is 127d - -19781?
1aa20
In base 15, what is -6 - -10cb7?
10cb1
In base 9, what is -11 - -2241108?
2241087
In base 2, what is -10011101111101101111 - -10?
-10011101111101101101
In base 5, what is -4 + -2132101033?
-2132101042
In base 16, what is -3815c80 + -5?
-3815c85
In base 12, what is 9 - 3768399?
-3768390
In base 2, what is 1101010000101011010110110 + 101?
1101010000101011010111011
In base 11, what is -462865 - -5?
-462860
In base 10, what is -13 + 45892324?
45892311
In base 16, what is -939 - -1002?
6c9
In base 4, what is 30313233 - 1021333?
23231300
In base 9, what is -563080 + 12?
-563067
In base 9, what is -20614 - 245?
-20860
In base 7, what is -5 - 232620326?
-232620334
In base 15, what is -e2b49 + -7c?
-e2bc6
In base 16, what is -214550 - -18?
-214538
In base 5, what is -3 - -13203223230?
13203223222
In base 15, what is -1c7 - -720a?
7033
In base 7, what is -141 - -162645?
162504
In base 7, what is -3654321 + 1241?
-3653050
In base 10, what is 1523 - 2029?
-506
In base 7, what is -3 + -606244461?
-606244464
In base 2, what is 0 - 1101111111010100101101?
-1101111111010100101101
In base 16, what is -4 - -8e6604c?
8e66048
In base 16, what is 0 + 7f25037?
7f25037
In base 15, what is -2859de + -12?
-285a01
In base 9, what is -445065 + -3116?
-448182
In base 6, what is 3112342 - -2140?
3114522
In base 5, what is 1023340310401 - -10?
1023340310411
In base 9, what is 17056 - 31642?
-13575
In base 6, what is 304 - 105021?
-104313
In base 7, what is 25143266 + -352?
25142614
In base 16, what is 1fd2096 - 3?
1fd2093
In base 4, what is -12 -